*2 + c - 23. Let d(x) = 27*x**2 + x**3 - 19*x**2 + 5*x + 5 + 11*x + 0*x**3. Let r be d(-5). Calculate w(r).
-23
Let s(w) = -24*w**2 - 10*w - 17. Let u be s(-2). Let x = u + 95. Let g(j) = -j**2. What is g(x)?
-4
Let w be 21/(-42)*(0 - (-2 - -2)). Let l(k) = k - 10. Calculate l(w).
-10
Suppose d - 5*u - 21 = 3*d, 2 = -2*u. Let r(x) be the third derivative of x**6/120 + 7*x**5/60 - x**4/4 + 3*x**3/2 - 32*x**2. Give r(d).
-7
Let u(w) be the second derivative of -1/3*w**3 - 11*w + 0 + 1/4*w**4 + 1/20*w**5 + w**2. Calculate u(-4).
-6
Let x(z) = 2. Let u be (4 + -1 + -1)/(1/(-1)). Let r(n) = 7*n - 3. Let q(i) = u*x(i) - r(i). What is q(-1)?
6
Let c(l) = -6*l**3 - 3*l**2 + 3*l - 18. Let a(n) = 4*n**3 + 2*n**2 - 2*n + 13. Let j(m) = -7*a(m) - 5*c(m). Calculate j(-2).
-11
Let s(y) = 2*y - 7. Let x(t) = t**2 - 1. Let g(m) = -s(m) + 4*x(m). What is g(1)?
5
Let i(x) = -7*x**3 + 5*x**2 + 9*x - 3. Let d(w) = -11*w**3 + 7*w**2 + 14*w - 4. Let z(u) = 5*d(u) - 8*i(u). Let h be ((-2)/(-4))/(34/340). Determine z(h).
-6
Let i = 168 + -163. Let h(c) be the third derivative of i*c**2 + 0*c + 1/60*c**5 + 5/6*c**3 - 1/24*c**4 + 0. Give h(0).
5
Let t(d) be the first derivative of -d**3/3 - 5*d**2/2 + d - 5. Let k = 23 + -23. Suppose 5*p + 29 = -4*m, m - p + k = -5. Give t(m).
-5
Let p(g) = 2*g**3 + 1 - 4 - 7*g**2 - g - 5 + 12*g**2 - g**3. Give p(-5).
-3
Let i(j) = 401*j**3 - 16 - 189*j**3 + 5*j + 8*j**2 - 213*j**3. Give i(8).
24
Suppose 4*n = -2*d - 34, 18 = -5*n + 2*d - 38. Let g be (1 - 2)*n/5. Suppose g*i - 2 = -10. Let t(u) = -u**2 - 2*u + 5. Determine t(i).
-3
Let x(k) = k**3 + 18*k**2 - 20*k - 24. Let y be x(-19). Let t(u) = -u**3 - 5*u**2 + 3*u. What is t(y)?
-15
Let i(w) = w**3 - 7*w**2 + 6*w + 5. Let x(m) = m**3 - 8*m**2 - 2*m + 21. Let f be x(8). Determine i(f).
-15
Let d(c) = -2*c - 3*c**2 - 17*c**3 - 17*c**3 - 2 + 33*c**3. Calculate d(-3).
4
Let q(v) = 4*v - v**2 + v - 2118 + 2119. What is q(4)?
5
Let r be 5/5*(-1 + 4). Suppose -3 = -r*x - 3*v + 2*v, 0 = -5*v. Let k(f) = -17*f + 15*f + 8*f - x. Determine k(-1).
-7
Suppose -12 - 23 = 5*v. Let n be -7*(-1 + (-13)/v). Let t(z) = z**3 + 7*z**2 + 6*z - 4. Determine t(n).
-4
Let l(a) = a**3 - a**2 + 5. Let i(g) = g**2 + 0*g**3 + 144*g - 148*g + g**3. Let n be i(0). Give l(n).
5
Suppose -29 + 5 = -8*g. Let r(y) = -31*y - 32*y - 2*y**2 + 63*y - y**g. Give r(-3).
9
Let p(k) = -14*k**2 + 2*k + 2*k + 11 + 13*k**2 - 2*k. Determine p(7).
-24
Let q(j) = j**2 + 2*j + 1. Let g(z) = -z**2 - z - 1. Let d(m) = -6*g(m) - 5*q(m). Suppose 3*o + 3*c = 0, 4*c = -2*o - 2 - 6. Determine d(o).
1
Let u(x) = -x**2 - 8*x. Let t(r) = -3*r + 28. Let g be t(-8). Let z = 45 - g. Determine u(z).
7
Suppose -4*b + 4*f + 12 = 0, 2*b - 12 = b - 2*f. Suppose -39 + 37 = -v. Let i(s) = 7 + 0*s - 3*s - 5*s + 3*s**2 - v*s**2. Calculate i(b).
-5
Let p(g) = -g**3 - 3. Let q be p(0). Let t be (q - -1)*-1*1. Suppose -t*z = 2*z + 12. Let a(o) = o**3 + 2*o**2 - o + 1. Calculate a(z).
-5
Let d(m) = 3*m - 2. Let q(n) = 7*n + 10. Let z be q(7). Suppose 2*a - z + 51 = 0. What is d(a)?
10
Let y(x) be the second derivative of x**3/3 + 169*x. Give y(4).
8
Let f be (6/3)/((-114)/30 + 4). Let h(m) = -m**2 + 9*m + 14. Give h(f).
4
Let r(a) = -102 - a - 108 + 304 - 100. Give r(0).
-6
Let x(y) be the second derivative of y**3/6 + 7*y**2 + 190*y. Calculate x(-7).
7
Let d(x) = -x**3 - 4*x**2 - 2*x - 1. Let a = -90 - -60. Let b = a + 27. Give d(b).
-4
Let a = 91 + -55. Let o be a/7 - 2/14. Let m(c) = -c**3 + 6*c**2 - 4*c - 3. Calculate m(o).
2
Let h(s) = s**3 - 9*s**2 + 7*s + 6. Let m be ((-192)/(-112))/((-9)/(-42)). Calculate h(m).
-2
Let n = -50 - -51. Let d(r) = 3*r + 2. Give d(n).
5
Let i(v) = 3*v**3 - 3*v**2 - 6*v + 3. Let n(o) = -8*o**3 + 8*o**2 + 17*o - 8. Let h(c) = 11*i(c) + 4*n(c). Calculate h(2).
9
Let w(o) be the second derivative of 1/120*o**6 - 7/2*o**2 - 3*o + 2*o**3 - 1/24*o**4 + 0 - 1/60*o**5. Let x(t) be the first derivative of w(t). Determine x(0).
12
Let m(c) = -c**2 + 10*c - 2. Suppose 1353*q - 96 = 1345*q. Determine m(q).
-26
Let m(p) = p**2 + 7*p - 8. Suppose 60*s = 58*s - 14. Determine m(s).
-8
Let r(k) be the third derivative of -5*k**4/24 - k**3/3 - 4*k**2. Let y(d) = -d**3 - 5*d**2 + 3*d + 12. Let f be y(-5). What is r(f)?
13
Let w(n) = 6*n - 11. Let g(k) = k - 2. Let q(r) = -5*g(r) + w(r). Calculate q(1).
0
Let j(b) = b**2 + b - 1. Let q(p) = 3*p**2 + 2*p - 1. Let w(s) = -2*j(s) + q(s). Let v(t) = -9*t**2 - 2*t + 1. Let u(l) = -v(l) + 2*w(l). Calculate u(-1).
10
Let z(v) = 4*v + 10. Let m(x) = 11*x + 29. Let a(i) = 3*m(i) - 8*z(i). Let b(y) = -y. Let p(k) = a(k) + 4*b(k). Determine p(6).
-11
Let k(f) = f**2 + 5*f - 9. Let y be (3 - (-106)/(-10)) + 12/20. Give k(y).
5
Let b(g) = -8*g**2 + 72*g**3 - g + 13*g**2 - 11*g**2 - 5*g - 71*g**3 - 8. Suppose -19 = -4*u + 9. Calculate b(u).
-1
Let b(g) be the second derivative of 7*g**3/6 + g**2/2 + 2*g + 624. Suppose -1 = 5*l + 14. What is b(l)?
-20
Let g(q) = -q**2 - 5*q + 9. Let j(c) = 7*c + 12. Let d be j(6). Suppose -5*w + a + d = 3*a, -2*w = -a - 18. Suppose -w*i = -11*i - 7. Calculate g(i).
-5
Let z(m) = 17*m**3 - 7*m**2 - 4*m + 22. Let y(x) = 20*x**3 - 6*x**2 - 3*x + 23. Let s(j) = 6*y(j) - 7*z(j). Calculate s(-12).
8
Let i(h) be the second derivative of h**4/12 - 7*h**3/6 - h**2/2 + 3*h - 15. Determine i(8).
7
Let k = 94 + -86. Suppose -10*v - k = -6*v. Let z(j) = -j + 0*j + 0*j**3 + j**3 + j**2. What is z(v)?
-2
Let f(y) = -y**2 + y - 2. Let q(o) = 3*o**2 - 8*o + 10. Let p(r) = 4*f(r) + q(r). Give p(-4).
2
Let x(j) = -12*j - 7. Let a(u) = 16*u + 1. Let p(o) = -2*a(o) - 3*x(o). Give p(-6).
-5
Let k(g) = g**3 + 100*g**2 + 94*g**2 + 0*g**3 + 16*g - 177*g**2 + 18. What is k(-16)?
18
Let o(p) = p**2 + 4*p - 6. Let q(y) = -6*y**2 - 5*y - 4. Let j be q(-4). Let x = -40 - j. Suppose 2*n + 5*k + 40 = -n, -x = 5*n + 3*k. Determine o(n).
-1
Let v(g) = 400*g**3 - 202*g**3 - 199*g**3 + 2*g + 8 + 2*g**2. Determine v(0).
8
Suppose 5*c = c + 4. Let n be (43 + -1)*c/2. Suppose 0 = 6*y + n - 9. Let v(f) = 5*f. What is v(y)?
-10
Suppose -3*x = 4*s - 12, 0*s - 4*x - 28 = -2*s. Let u(l) = 6*l**2 - 4. Let h(t) = 5*t**2 - 5. Let q(m) = s*u(m) - 5*h(m). Calculate q(-1).
12
Let k(u) be the first derivative of -u**3/3 + u**2/2 - 13*u - 267. Calculate k(0).
-13
Let v be 3*-4*3/(-9). Let j(k) = k + 4. Calculate j(v).
8
Let u(h) = -9*h**2 - 4*h - 4. Let m(k) = 5*k**2 + 2*k + 2. Let x(q) = 5*m(q) + 3*u(q). Suppose 15*v - 33*v = 54. Give x(v).
-14
Let f(t) = t**2 - 4*t - 1. Let x(g) = 5*g**3 - 5*g**2 + 20*g + 4. Let k(m) = 5*f(m) + x(m). Calculate k(-2).
-41
Let j(r) = r**2 - 8*r + 5. Suppose 0 = 3*y + 15, 2*h + 9 + 0 = -3*y. Suppose -12 = -b - h*b. Suppose -3*w + 5 = 2*p, 4*w - 5*p - 30 = b*w. Determine j(w).
-10
Let g(r) = 3*r**2 + r + 1. Let n(k) be the first derivative of 4*k**3/3 + k**2/2 + k + 7. Let a(p) = 5*g(p) - 4*n(p). What is a(-2)?
-5
Let w(c) = -253 - 5*c + 249 + c**2 + 0*c**2. What is w(6)?
2
Suppose 228*u - 209*u - 114 = 0. Let i(v) be the first derivative of -v**4/4 + 5*v**3/3 + 4*v**2 - 7*v + 1. Determine i(u).
5
Suppose 1495 = 6*h + 1525. Let v(n) be the second derivative of -n**5/20 - n**4/3 - n**3/6 - n**2 - 6*n. Determine v(h).
28
Let a(u) be the third derivative of u**4/6 - 37*u**2. What is a(4)?
16
Let y(d) = -3*d**3 + 5*d**2 - d - 15. Let i(b) = -2*b**3 + 2*b**2 - 8. Let r(g) = 5*i(g) - 3*y(g). Let c(n) = n**3 - 2*n**2 - 3*n - 5. Let h be c(3). Give r(h).
-10
Suppose 2*v + 5*h = -0*h - 5, 4*h + 4 = 0. Let d(a) = 1 - 4 + v - 3 - a. What is d(-3)?
-3
Let x(t) = -t**2 - 8*t. Let q(z) = z**2 + 32*z + 246. Let g be q(-17). What is x(g)?
-9
Let i(j) = j**3 - 8*j**2 + j - 9. Let n(a) = 27 + 15*a + 4*a**2 - 50 + 27. Let v be n(-4). Give i(v).
-1
Let f be ((-90)/(-24))/15 + (-62)/(-8). Let p(r) = -r**2 + 8*r - 13. Give p(f).
-13
Let w = -5 + 7. Let l(i) = -2*i + i + i + i**w + i. Calculate l(1).
2
Let o(w) = -2*w + 4. Let p be o(4). Let r(d) be the first derivative of -4*d - 1/4*d**4 + 1/2*d**2 - 2 - 4/3*d**3. What is r(p)?
-8
Let p(s) = -s**3 + s**2 - s + 16. Let l be p(0). Suppose 2*o + l = -3*r + 1, 0 = -r + 2*o - 5. Let n(i) = 2*i + 5. What is n(r)?
-5
Let h(f) = -f**3 + 5*f**2 - 4*f - 3. Let k be 13/4 - (-1)/(-4). Let b be k - ((3 - 0) + 0). Suppose 0 = -d + 4 - b. What is h(d)?
-3
Let f be (33 - 26